the tens digit of ((-27)/(-2))/((-2)/(-4))?
2
Let k(z) = -z**3 + 6*z**2 + 9*z - 9. What is the units digit of k(6)?
5
Suppose -740 = -o - 3*o. What is the hundreds digit of o?
1
Let t(b) = -b**3 - 6*b**2 + 7. Let u be t(-5). Let k = 27 + u. Let c = 23 - k. What is the units digit of c?
4
Suppose -4*f - f = 0. Suppose -10 = -2*o - f*o. What is the units digit of o?
5
Let p = -2 - -4. Suppose 0 = 4*w + 3*r, 4*w + 2*r - 4 = -2*r. What is the units digit of 28/p + -3 + w?
8
What is the tens digit of 106 + (8/(-4) - 2)?
0
Let m(h) = -2*h - 1. What is the units digit of m(-2)?
3
Suppose -p - 493 = -4*d - 2*p, 0 = -4*d + 4*p + 488. What is the tens digit of d?
2
Suppose 0 = -3*s + 5*z + 60, 5*s - 5*z - 104 = -14. Suppose 0*o - s = -3*o. Suppose -o*c = -13 + 3. What is the units digit of c?
2
Let b = 27 - -4. What is the tens digit of b?
3
Suppose 333 = -p + 4*p. What is the hundreds digit of p?
1
Suppose -2*z + 14 = -56. What is the tens digit of z?
3
Suppose -3*i - 5*u + 119 = 0, -i - 3*i + 155 = 3*u. What is the tens digit of i?
3
Suppose -2 = -h - 2*c + 1, -c = -1. Suppose -42 = -3*a + 3*q, 0 = 2*a + 4*q + 1 + h. Let u = a + -2. What is the units digit of u?
7
Let v = -182 - -357. What is the tens digit of v?
7
Suppose -2*w = 3*w - 5*i + 25, 0 = 3*w + 2*i - 10. Suppose -3*y = -4*y - 1. What is the units digit of 1/(w + y)*-1?
1
Suppose -16*r + 14*r = 0. Suppose r*u + 62 = 2*u. What is the tens digit of u?
3
Let b = 13 + -9. Suppose 4*d - 2 = 5*d. Let k = d + b. What is the units digit of k?
2
Suppose -s + 1 = -2. Suppose 5*p + s = 13. What is the units digit of p?
2
Let y(w) = w**3 + w**2 - w + 2. Let t be y(-2). Let d be t - (2 - -2)/(-2). Let s(n) = 5*n - 1. What is the units digit of s(d)?
9
Let q = 54 - 22. What is the tens digit of q?
3
Let q = -59 + 210. What is the units digit of q?
1
Suppose -5*x = 2*d - 212, 564 = 5*d + x + 3*x. What is the tens digit of d?
1
Let x(j) = -j**2 - j + 1. Let c(b) = b**2 + b. Let n(z) = 2*c(z) + 3*x(z). What is the units digit of n(0)?
3
Suppose -6*q + q + 95 = 0. What is the tens digit of q?
1
Let u = -19 + 12. Let c(s) = -2*s - 9. Let l be c(u). Suppose -40 = -l*b + 20. What is the tens digit of b?
1
Let r be 6/(-12) + (-34)/4. Let m be ((-3)/r)/(1/3). Let z = m - -10. What is the tens digit of z?
1
Suppose -f = -6*f - 135. Let a = -12 - f. What is the tens digit of a?
1
Let c = 5 + -5. What is the units digit of c + 7 + (-6 - -7)?
8
Let w(n) = n**2 + 5*n + 6. What is the units digit of w(-5)?
6
Let g be 24/(-9)*(-12)/8. What is the units digit of (-34)/g*(-13 + 11)?
7
Suppose 4*j - 67 = 437. What is the tens digit of j?
2
Let j = -454 - -645. What is the units digit of j?
1
Suppose -2 + 5 = -3*s + m, 15 = -s + 5*m. Suppose s = -4*y + 7*y - 114. What is the units digit of y?
8
Suppose -2*s + 18 = -0*s. What is the units digit of s - (0/2)/1?
9
Let v(z) = -z**2 + 7*z. Let u be v(6). What is the units digit of 480/18 - 4/u?
6
Let l be (-1 - (-2 + 2))*-1. Let u = l - 4. What is the units digit of (-31)/(-4) + u/(-12)?
8
Let n(d) be the first derivative of -d**3/3 - 2*d**2 - d - 2. Let c be n(-4). What is the units digit of (c + 2)*-1 + 7?
6
What is the units digit of 9/2*(-10)/(-3)?
5
Let u(f) be the second derivative of -f**4/12 + 4*f**3/3 + 9*f**2/2 - 5*f. Let g = 7 + 1. What is the units digit of u(g)?
9
Let p be (4/1)/((-5)/(-205)). Suppose -5*k + p = -k. What is the tens digit of k?
4
Suppose 3*v - 19 = 2*v. Let b = v - -12. What is the units digit of b?
1
What is the units digit of (6/(-9))/(1/(-87))?
8
Let p be (3 - 5) + (-9)/1. Let h be (-2)/p - 436/(-22). Suppose -2*d = -6*d + h. What is the units digit of d?
5
Let m(u) = u**2 - 2 - 2*u**2 - u**2. Let t be m(-2). Let v = t + 19. What is the units digit of v?
9
Let s be (10/(-4))/((-3)/6). Suppose 43 = s*r + 2*o, 8*o - 4 = -r + 3*o. What is the units digit of r?
9
Let x(z) = z**2 + 9*z + 4. What is the tens digit of x(-11)?
2
Suppose -x = -15 + 7. Let z = x + -4. What is the units digit of z?
4
Let j = -70 + 146. What is the tens digit of j?
7
Suppose 4*d = -2*r - 86, -3*d + 8*d + 90 = -2*r. Let v = r + 62. What is the tens digit of v?
2
Let r = 1 + 4. Suppose 0 = 3*y + 3, -2*h + 0 = -r*y + 3. Let s = h - -8. What is the units digit of s?
4
Let x(m) = -m**2 - 3*m - 3. Let z be x(-4). Let l = z + 39. What is the tens digit of l?
3
Let l = -9 - -13. Suppose -14 = l*z - 2*r - 110, 4*r - 28 = -2*z. What is the tens digit of z?
2
What is the units digit of 313/6 - (3 + 34/(-12))?
2
Let m(i) = -i**3 + 6*i**2 + 3*i - 2. Let w = -2 + -6. Let s be (27/12)/((-3)/w). What is the units digit of m(s)?
6
What is the tens digit of 61*(-4)/12*-3?
6
Let f(i) = i + 18. Let p be f(0). Let d = 8 + -5. Suppose d*c - p = c. What is the units digit of c?
9
Let q be (9/4 + -2)*4. What is the units digit of 2/3*3/q?
2
Let v(y) = -y**3 + 5*y**2 + 6*y + 6. Let c be v(6). Let m = c - 2. What is the units digit of m?
4
Suppose 0 = 3*n + 5*y - 1, -n = 2*y. What is the units digit of n?
2
Suppose 3*j + 6 = 4*j. Suppose 2*v + 4*l = -3*v - 36, 3*v + 3*l = -24. Let y = v + j. What is the units digit of y?
2
Let f(h) = 193*h**2 + h + 1. What is the hundreds digit of f(1)?
1
Suppose 5*s = -i + 146, 3*i = -2*s + 6*s + 495. What is the tens digit of i?
6
Let k = 0 + 5. Suppose 19 = w - 3*g, 0 = 2*w - k*w - 5*g + 1. What is the units digit of w?
7
Let m(a) = 2*a**2 + 3*a + 1. Let y be m(-2). Suppose 0 = -d - y + 14. What is the units digit of d?
1
What is the units digit of (16 - -4)/2*11?
0
Suppose 20 + 15 = 4*y - 5*r, y + 4*r = -7. Let c be (-35)/14*2/(-1). Suppose -4*q = 3*i - 0*q - 52, -y*q - 75 = -c*i. What is the units digit of i?
6
Let u be 28/6 + 1/3. Suppose 2 = -3*o + u. What is the units digit of o*(-2)/(-2) + 3?
4
Let j(n) = 264*n**2 - 2*n - 2. What is the hundreds digit of j(-1)?
2
Suppose 3*d = -0*d + 288. Suppose -5*n = -39 - d. What is the units digit of n?
7
Let c = 0 + 2. Let d(s) = -s**3 + 2*s**2 - 1. Let q be d(-1). Suppose c*w = w - f - 1, -4*w - q*f = 0. What is the units digit of w?
1
Suppose 3*d = 2*q - 489, 3*d + 15 + 0 = 0. What is the tens digit of q?
3
Let n = 26 - -5. Let l = n - 15. What is the units digit of l?
6
Let k be 1/(-3) - (-2)/6. Suppose 3*i - 4*c + 14 = k, 2*i + 3*i + 3*c - 25 = 0. Suppose 2*r = -f - 5, i*r + 15 = -r. What is the units digit of f?
5
Suppose 5*h + 5*n = 855, -3*h + 10 = 4*n - 499. What is the units digit of h?
5
Let i = 317 + -112. What is the tens digit of i?
0
Let k = 7 - -2. Let z = 20 - k. What is the tens digit of z?
1
Let s(v) = -11*v - 9. What is the units digit of s(-8)?
9
Suppose -52 - 16 = -w. What is the tens digit of w?
6
Let r be (6/(-4))/((-6)/8). Let g = r - -6. What is the units digit of g?
8
Suppose 2*t + 0*t + x = 78, -3*t - 2*x + 118 = 0. Let l = t - -15. Let v = l + -35. What is the units digit of v?
8
Let w = 48 + -41. What is the units digit of w?
7
Suppose -3*c - 4*w = -7*c + 116, 0 = -3*c - w + 87. What is the tens digit of c?
2
Let l be ((-2)/(-4))/(4/(-48)). Let q = l + -1. What is the tens digit of (-2)/q - 178/(-14)?
1
Let t(a) = a**3 - 16*a**2 + 12*a - 22. What is the units digit of t(16)?
0
Let k = 67 - 34. What is the units digit of k?
3
What is the units digit of -3 + (-92)/(-28) - 1186/(-14)?
5
Let b = 115 + -54. What is the tens digit of b?
6
Let t = 8 + 0. Suppose t = 2*p + 2*p. What is the units digit of (p/8)/((-4)/(-16))?
1
Let q(b) = -b**3 + 12*b**2 - 3*b - 21. What is the tens digit of q(9)?
9
Let d(x) = x + 5. What is the tens digit of d(7)?
1
Suppose -q - 10 = 4*q. Let f(c) = -3*c - 1. Let o be f(q). What is the units digit of ((-2)/o)/((-1)/5)?
2
Let t(x) = x - 9. What is the units digit of t(15)?
6
Suppose 5*h + 2*y - 41 = -2*y, -5*y = -h - 15. Suppose -5*c = -3*i + h, 5*c + 30 = -4*i + 95. What is the units digit of 0 - 1 - i/(-2)?
4
Suppose -2*o - 13 = -3*g - 3, o = 2*g - 6. Suppose -3*s + 5 = g*q, 2*s + s - 3*q = 30. What is the units digit of s?
5
Let m = 124 + -43. What is the tens digit of m?
8
Suppose -7*t = 43 - 316. What is the tens digit of t?
3
Let f = 99 + 191. What is the tens digit of f?
9
Let y(l) = 5*l**3 - l**2 + 4*l - 3. What is the units digit of y(1)?
5
Let i be (9/6)/(1/2). Suppose -i*x = x. Suppose x = 2*k + k - 5*f - 34, -2*k + 4*f = -22. What is the tens digit of